hat is -2262 + -1300?
-3562
In base 4, what is -10 + -3302310?
-3302320
In base 16, what is 1 - -37a5?
37a6
In base 5, what is 234 - -343441?
344230
In base 14, what is 6bc19 + -3?
6bc16
In base 5, what is 3030140 + 10?
3030200
In base 12, what is -1100 - -114?
-ba8
In base 10, what is -19 - -41405?
41386
In base 6, what is 451143 - 11?
451132
In base 3, what is 2100222111 + 2121?
2101002002
In base 8, what is -3253 - 2727?
-6202
In base 14, what is 6aa3 + 6?
6aa9
In base 2, what is 100001010010101000 + -111?
100001010010100001
In base 14, what is 5 + 2968?
296d
In base 4, what is 10 - 113130233?
-113130223
In base 8, what is -2100 - 335?
-2435
In base 10, what is 2 + -2887?
-2885
In base 14, what is -209c - -7?
-2095
In base 16, what is -50 - -2fe?
2ae
In base 6, what is -11 - 255252?
-255303
In base 8, what is 11 + -362713?
-362702
In base 14, what is -14 + 104?
d0
In base 3, what is 0 - -101001012?
101001012
In base 2, what is 1111010001 - 110010?
1110011111
In base 2, what is -1010110101 - -111010000?
-11100101
In base 7, what is 46 + 64112?
64161
In base 5, what is -1302 - 232104?
-233411
In base 2, what is -111000101 - -11001?
-110101100
In base 16, what is d1a2 + -3?
d19f
In base 11, what is 4 - 43931?
-43928
In base 12, what is -1230 - 99?
-1309
In base 5, what is -2 + 300134114?
300134112
In base 4, what is 3 - -3100213?
3100222
In base 14, what is 39c8 + -5?
39c3
In base 4, what is -321032113 + 0?
-321032113
In base 2, what is 10100010101 + -11111011?
10000011010
In base 8, what is -4241 - -6?
-4233
In base 12, what is 100 + -684?
-584
In base 2, what is -10001110001001 + -11?
-10001110001100
In base 10, what is 1 - 3315?
-3314
In base 2, what is -110011100010110111 + -11?
-110011100010111010
In base 7, what is 4405665 + -4?
4405661
In base 9, what is 3334 - -207?
3542
In base 9, what is -5 - 488554?
-488560
In base 15, what is -4 + 26555?
26551
In base 8, what is -1 - 65223?
-65224
In base 7, what is 5 + -36314?
-36306
In base 7, what is 102404 + -3?
102401
In base 3, what is -111 + -2120100100?
-2120100211
In base 5, what is -103 - 1224301?
-1224404
In base 3, what is -10220200222 - 100?
-10220201022
In base 9, what is 3 - -1046063?
1046066
In base 6, what is -22 + -20430?
-20452
In base 9, what is 5 - -32471?
32476
In base 7, what is -1664606 - 5?
-1664614
In base 10, what is -549 - 1859?
-2408
In base 5, what is -3424 - 220?
-4144
In base 3, what is 1211 + -1111202?
-1102221
In base 7, what is 5523 - 3?
5520
In base 15, what is -1e28 - -48?
-1dd0
In base 13, what is 2542 + 3b?
2580
In base 7, what is -10403 + -1054?
-11460
In base 12, what is -2b49a1 + -2?
-2b49a3
In base 14, what is 7 - 40a3?
-409a
In base 14, what is 0 + a504b?
a504b
In base 11, what is -3 + 91182?
9117a
In base 8, what is 2 + -13643?
-13641
In base 15, what is -105d - 5?
-1063
In base 6, what is -4331 + -101?
-4432
In base 15, what is -1 + 4164d?
4164c
In base 5, what is 2101414110 + 4?
2101414114
In base 4, what is -12 + 1100212?
1100200
In base 8, what is -5 + -335143?
-335150
In base 4, what is -31013022 - -2?
-31013020
In base 2, what is 1100110000100000 - -100?
1100110000100100
In base 4, what is -31221 + 1000023?
302202
In base 5, what is 232 - -1121?
1403
In base 7, what is -1121 - -12?
-1106
In base 14, what is -a3b - -340?
-6db
In base 16, what is -12 - -51c?
50a
In base 13, what is c0b31 - 2?
c0b2c
In base 6, what is 152100 + 35?
152135
In base 3, what is 2 - -102221221?
102222000
In base 6, what is -55551302 - 1?
-55551303
In base 13, what is -1 - 40c301?
-40c302
In base 10, what is -273191 + -2?
-273193
In base 6, what is -3141455 - -24?
-3141431
In base 6, what is 1 - 3331341?
-3331340
In base 6, what is 22530 - -241?
23211
In base 10, what is -6785 - 3?
-6788
In base 12, what is -a1834 + 21?
-a1813
In base 12, what is 23949 - 11?
23938
In base 8, what is -573142 + -3?
-573145
In base 13, what is 281b0 - 1?
281ac
In base 2, what is -110100 + 11100000110101010?
11100000101110110
In base 9, what is -4 + 3704?
3700
In base 2, what is -11001 + -110110000100?
-110110011101
In base 15, what is -1ee65 - 3?
-1ee68
In base 14, what is 835b + -a4?
8297
In base 14, what is 0 - -117969?
117969
In base 13, what is 204a43 + 3?
204a46
In base 8, what is -556642 - 12?
-556654
In base 14, what is 2123c - 10?
2122c
In base 11, what is -440 + 112?
-329
In base 9, what is 8348 + -1?
8347
In base 8, what is -1670030 - -2?
-1670026
In base 13, what is -214926 + -3?
-214929
In base 16, what is -505d - 32?
-508f
In base 3, what is -2102102 + 2122022?
12220
In base 10, what is -342 - -502?
160
In base 9, what is 6 - 112232?
-112225
In base 13, what is a587 - 3?
a584
In base 8, what is 0 + -30567?
-30567
In base 2, what is 10111000110 + 101?
10111001011
In base 12, what is 4 - -5706?
570a
In base 11, what is -1 + 3208a?
32089
In base 10, what is 465640 + 5?
465645
In base 5, what is -2100 - -1000?
-1100
In base 2, what is -10 - -11111100101101?
11111100101011
In base 11, what is 93a1 - -18?
9409
In base 9, what is -4771 + -11?
-4782
In base 7, what is -463 + -1451?
-2244
In base 5, what is -2 + -10233411?
-10233413
In base 14, what is 3b + 6d?
aa
In base 8, what is 646 + -266?
360
In base 7, what is -1 - -25531?
25530
In base 7, what is -5 - -400314?
400306
In base 14, what is 9847 + -2?
9845
In base 15, what is c + 295c1?
295cd
In base 14, what is 77a0d - -3?
77a12
In base 6, what is 52304 + 4?
52312
In base 8, what is 43 + 10566?
10631
In base 11, what is 2 + -25614?
-25612
In base 12, what is 4 - 4757a?
-47576
In base 10, what is 23 - -170?
193
In base 5, what is -23 - 1120?
-1143
In base 8, what is -135 - 22474?
-22631
In base 13, what is -3967 + 12?
-3955
In base 14, what is 173 + 250?
3c3
In base 14, what is 661 + c?
66d
In base 13, what is 2b2 + 119?
3cb
In base 13, what is -3 + 174bca?
174bc7
In base 15, what is -a754 + 101?
-a653
In base 7, what is -1223 - -1356?
133
In base 6, what is 4 - 21054242?
-21054234
In base 3, what is -221 + 110202202?
110201211
In base 6, what is -2 + 2052314?
2052312
In base 11, what is 137 + 8?
144
In base 11, what is 681 + -124?
558
In base 10, what is -139731 + -3?
-139734
In base 3, what is 1010220210 + 2?
1010220212
In base 12, what is -133 + 81?
-72
In base 14, what is -14aa - -6?
-14a4
In base 8, what is 11702702 - -1?
11702703
In base 13, what is 183 + 7c?
232
In base 15, what is 1b + e4?
110
In base 4, what is 13221 - -312?
20133
In base 7, what is 1555 + -2030?
-142
In base 11, what is -806 + 52?
-764
In base 2, what is -1100101010000001 + 110010?
-1100101001001111
In base 10, what is 290 + -557?
-267
In base 6, what is 3 + -34345?
-34342
In base 12, what is -5 + -1a51b3?
-1a51b8
In base 11, what is -4692a + 42?
-46898
In base 15, what is 5 - -3e17?
3e1c
In base 11, what is -5a748 - -1?
-5a747
In base 12, what is -16 - 6066?
-6080
In base 14, what is 1d7 - a0?
137
In base 16, what is 1 - 22e?
-22d
In base 9, what is 613568 + 1?
613570
In base 10, what is -23 + 1941?
1918
In base 14, what is 5 + 1b1a?
1b21
In base 3, what is -2021212112 + 10?
-2021212102
In base 12, what is 1b22 - 98b?
1153
In base 9, what is 50535 - 14?
50521
In base 14, what is -5692 - -a?
-5686
In base 9, what is -55222 + -3?
-55225
In base 2, what is -11110101010101 + -1000?
-11110101011101
In base 9, what is 286 + 355?
652
In base 13, what is 31b3c1 - 1?
31b3c0
In base 8, what is -1537160 - -2?
-1537156
In base 15, what is 57a + -b2?
4b8
In base 14, what is 1ab + -70b?
-540
In base 13, what is -5a - a3a?
-a97
In base 12, what is 9b - 123?
-44
In base 11, what is 4 + -78844a?
-788446
In base 11, what is -1989 + 6?
-1983
In base 4, what is -30 - 211111111?
-211111201
In base 11, what is -5 + -150800?
-150805
In base 16, what is 2 + -25fb?
-25f9
In base 11, what is 0 + 88a0?
88a0
In base 8, what is -3000 - -4111?
1111
In base 13, what is 0 - -73bc?
73bc
In base 4, what is -11013 + 10130?
-223
In base 9, what is 3047 - -151?
3208
In base 12, what is b8 + -335?
-239
In base 16, what is -6f1b + 0?
-6f1b
In base 12, what is -2 + 18184?
18182
In base 11, what is 11 - -1011?
1022
In base 13, what is -9 + 691?
685
In base 3, what is -1 - 12021021211?
-12021021212
In base 14, what is -18 + b49?
b31
In base 7, what is -4 - 1343446?
-1343453
In base 8, what is 0 